{"id":102,"date":"2021-07-21T16:13:20","date_gmt":"2021-07-21T14:13:20","guid":{"rendered":"http:\/\/burkert-physiotherapie.de\/wordpress\/?page_id=102"},"modified":"2024-07-14T19:41:39","modified_gmt":"2024-07-14T17:41:39","slug":"workshops","status":"publish","type":"page","link":"http:\/\/burkert-physiotherapie.de\/wordpress\/workshops\/","title":{"rendered":"Workshop Taping"},"content":{"rendered":"\n<figure class=\"wp-block-image size-large is-resized\"><a href=\"http:\/\/burkert-physiotherapie.de\/wordpress\/wp-content\/uploads\/2024\/07\/AnneKaiser-8795-scaled.jpg\"><img loading=\"lazy\" src=\"http:\/\/burkert-physiotherapie.de\/wordpress\/wp-content\/uploads\/2024\/07\/AnneKaiser-8795-1024x683.jpg\" alt=\"\" class=\"wp-image-437\" width=\"491\" height=\"327\" srcset=\"http:\/\/burkert-physiotherapie.de\/wordpress\/wp-content\/uploads\/2024\/07\/AnneKaiser-8795-1024x683.jpg 1024w, http:\/\/burkert-physiotherapie.de\/wordpress\/wp-content\/uploads\/2024\/07\/AnneKaiser-8795-300x200.jpg 300w, http:\/\/burkert-physiotherapie.de\/wordpress\/wp-content\/uploads\/2024\/07\/AnneKaiser-8795-768x512.jpg 768w, http:\/\/burkert-physiotherapie.de\/wordpress\/wp-content\/uploads\/2024\/07\/AnneKaiser-8795-1536x1024.jpg 1536w, http:\/\/burkert-physiotherapie.de\/wordpress\/wp-content\/uploads\/2024\/07\/AnneKaiser-8795-2048x1365.jpg 2048w, http:\/\/burkert-physiotherapie.de\/wordpress\/wp-content\/uploads\/2024\/07\/AnneKaiser-8795-1568x1045.jpg 1568w\" sizes=\"(max-width: 491px) 100vw, 491px\" \/><\/a><\/figure>\n\n\n<p><strong>Tape That \u2013 Back for Good: Selbst-Taping Workshop<\/strong><\/p>\n<p>Nie wieder falsch tapen! Die erfahrene Physiotherapeutin Yvonne Burkert zeigt euch in diesem 2 st\u00fcndigen interaktiven Workshop, wie ihr euch erfolgreich und vor allem richtig taped und so k\u00f6rperliche Beschwerden in den Griff bekommt. Thematisiert wird in verschiedenen Workshops der untere R\u00fccken, Schulter-Nackenbereich, die Schulter oder das Knie sowie welche Kinesio-Tapes sich eignen und von welchen ihr lieber die Finger lasst. Durch die begrenzte Teilnehmerzahl k\u00f6nnen wir auf eure individuellen Probleme eingehen. Yvonne Burkert taped seit \u00fcber 15 Jahren und hatte vom Spitzensportler bis zum Wirtschaftsboss alle auf ihrer Liege \u2013 mit gro\u00dfem Erfolg. Profitiert von ihrem umfassenden Wissen.\u00a0 Holt euch Tipps, wie ihr anatomisch korrekt klebt, erfahrt wie man ein gutes Tape erkennt und lasst euch von Yvonnes Leidenschaft f\u00fcrs tapen anstecken, denn nahezu alles l\u00e4sst sich durch tapen verbessern \u2013 sogar Heuschnupfen \u2013 sofern man es richtig macht. Tut eurem K\u00f6rper etwas Gutes! Es ist so einfach und es geht \u00fcberall \u2013 ob hinter der B\u00fchne vor einem Auftritt, bei einer Wanderung, beim Sport oder im B\u00fcro. Nach diesem Workshop seid ihr fit f\u00fcrs Selbst-Taping.<\/p>\n<p><strong>Dauer:<\/strong> 60 + Min<br \/><strong>Teilnehmer:<\/strong> max. 30<\/p>\n<p><strong>F\u00fcr die Workshops:<\/strong><br \/>\u201eunterer R\u00fccken\u201c, &#8222;Schulter- Nacken- Bereich\u201c und \u201eSchulter\u201c ben\u00f6tigt Ihr einen Partner&#8230;..oder Ihr seit Artisten \ud83d\ude09<\/p>\n<p><strong>Kosten:<\/strong> 89,- pro Workshop<\/p>\n<p>Jeder Teilnehmer erh\u00e4lt ein tolles Goodiebag inkl. Kinesiotape von unseren Kooperationspartnern!<\/p>\n<p>Firmen und Gruppen erhalten Paket-Preise-<\/p>\n<p>Ab 3 Teilnehmern kann man uns auch INDIVIDUELLE buchen!!!<\/p>\n<p><strong>N\u00e4here Informationen unter: <\/strong>post@burkert-physiotherapie.de<\/p>\n<p><strong>Termine:<\/strong><\/p>\n<p><strong>Anmeldung unter:<\/strong> post@burkert-physiotherapie.de<\/p>\n<p>Nach Anmeldung bekommt Ihr eine Rechnung f\u00fcr den Workshop!<br \/>Bei Geldeingang erhaltet Ihr eine Best\u00e4tigungsmail mit dem Zoom-Link Ihres Workshops. F\u00fcr eine reibungslose Teilnahme empfehlen wir eine vorherige Registrierung bei zoom.<\/p>\n<p>\u00a0<\/p>\n\n\n<figure class=\"wp-block-gallery columns-3 is-cropped\"><ul class=\"blocks-gallery-grid\"><li class=\"blocks-gallery-item\"><figure><a href=\"http:\/\/burkert-physiotherapie.de\/wordpress\/wp-content\/uploads\/2024\/07\/AnneKaiser-8791-scaled.jpg\"><img loading=\"lazy\" width=\"683\" height=\"1024\" src=\"http:\/\/burkert-physiotherapie.de\/wordpress\/wp-content\/uploads\/2024\/07\/AnneKaiser-8791-683x1024.jpg\" alt=\"\" data-id=\"443\" data-full-url=\"http:\/\/burkert-physiotherapie.de\/wordpress\/wp-content\/uploads\/2024\/07\/AnneKaiser-8791-scaled.jpg\" data-link=\"http:\/\/burkert-physiotherapie.de\/wordpress\/workshops\/annekaiser-8791\/\" class=\"wp-image-443\" srcset=\"http:\/\/burkert-physiotherapie.de\/wordpress\/wp-content\/uploads\/2024\/07\/AnneKaiser-8791-683x1024.jpg 683w, http:\/\/burkert-physiotherapie.de\/wordpress\/wp-content\/uploads\/2024\/07\/AnneKaiser-8791-200x300.jpg 200w, http:\/\/burkert-physiotherapie.de\/wordpress\/wp-content\/uploads\/2024\/07\/AnneKaiser-8791-768x1152.jpg 768w, http:\/\/burkert-physiotherapie.de\/wordpress\/wp-content\/uploads\/2024\/07\/AnneKaiser-8791-1024x1536.jpg 1024w, http:\/\/burkert-physiotherapie.de\/wordpress\/wp-content\/uploads\/2024\/07\/AnneKaiser-8791-1365x2048.jpg 1365w, http:\/\/burkert-physiotherapie.de\/wordpress\/wp-content\/uploads\/2024\/07\/AnneKaiser-8791-1568x2352.jpg 1568w, http:\/\/burkert-physiotherapie.de\/wordpress\/wp-content\/uploads\/2024\/07\/AnneKaiser-8791-scaled.jpg 1707w\" sizes=\"(max-width: 683px) 100vw, 683px\" \/><\/a><\/figure><\/li><li class=\"blocks-gallery-item\"><figure><a href=\"http:\/\/burkert-physiotherapie.de\/wordpress\/wp-content\/uploads\/2024\/07\/1720978554029.jpg\"><img loading=\"lazy\" width=\"830\" height=\"1024\" src=\"http:\/\/burkert-physiotherapie.de\/wordpress\/wp-content\/uploads\/2024\/07\/1720978554029-830x1024.jpg\" alt=\"\" data-id=\"445\" data-full-url=\"http:\/\/burkert-physiotherapie.de\/wordpress\/wp-content\/uploads\/2024\/07\/1720978554029.jpg\" data-link=\"http:\/\/burkert-physiotherapie.de\/wordpress\/workshops\/attachment\/1720978554029\/\" class=\"wp-image-445\" srcset=\"http:\/\/burkert-physiotherapie.de\/wordpress\/wp-content\/uploads\/2024\/07\/1720978554029-830x1024.jpg 830w, http:\/\/burkert-physiotherapie.de\/wordpress\/wp-content\/uploads\/2024\/07\/1720978554029-243x300.jpg 243w, http:\/\/burkert-physiotherapie.de\/wordpress\/wp-content\/uploads\/2024\/07\/1720978554029-768x948.jpg 768w, http:\/\/burkert-physiotherapie.de\/wordpress\/wp-content\/uploads\/2024\/07\/1720978554029.jpg 1080w\" sizes=\"(max-width: 830px) 100vw, 830px\" \/><\/a><\/figure><\/li><li class=\"blocks-gallery-item\"><figure><a href=\"http:\/\/burkert-physiotherapie.de\/wordpress\/wp-content\/uploads\/2024\/07\/1720978397343.jpg\"><img loading=\"lazy\" width=\"692\" height=\"1024\" src=\"http:\/\/burkert-physiotherapie.de\/wordpress\/wp-content\/uploads\/2024\/07\/1720978397343-692x1024.jpg\" alt=\"\" data-id=\"444\" data-full-url=\"http:\/\/burkert-physiotherapie.de\/wordpress\/wp-content\/uploads\/2024\/07\/1720978397343.jpg\" data-link=\"http:\/\/burkert-physiotherapie.de\/wordpress\/workshops\/attachment\/1720978397343\/\" class=\"wp-image-444\" srcset=\"http:\/\/burkert-physiotherapie.de\/wordpress\/wp-content\/uploads\/2024\/07\/1720978397343-692x1024.jpg 692w, http:\/\/burkert-physiotherapie.de\/wordpress\/wp-content\/uploads\/2024\/07\/1720978397343-203x300.jpg 203w, http:\/\/burkert-physiotherapie.de\/wordpress\/wp-content\/uploads\/2024\/07\/1720978397343-768x1137.jpg 768w, http:\/\/burkert-physiotherapie.de\/wordpress\/wp-content\/uploads\/2024\/07\/1720978397343.jpg 996w\" sizes=\"(max-width: 692px) 100vw, 692px\" \/><\/a><\/figure><\/li><li class=\"blocks-gallery-item\"><figure><a href=\"http:\/\/burkert-physiotherapie.de\/wordpress\/wp-content\/uploads\/2024\/07\/1720978554043.jpg\"><img loading=\"lazy\" width=\"812\" height=\"1024\" src=\"http:\/\/burkert-physiotherapie.de\/wordpress\/wp-content\/uploads\/2024\/07\/1720978554043-812x1024.jpg\" alt=\"\" data-id=\"446\" data-full-url=\"http:\/\/burkert-physiotherapie.de\/wordpress\/wp-content\/uploads\/2024\/07\/1720978554043.jpg\" data-link=\"http:\/\/burkert-physiotherapie.de\/wordpress\/workshops\/attachment\/1720978554043\/\" class=\"wp-image-446\" srcset=\"http:\/\/burkert-physiotherapie.de\/wordpress\/wp-content\/uploads\/2024\/07\/1720978554043-812x1024.jpg 812w, http:\/\/burkert-physiotherapie.de\/wordpress\/wp-content\/uploads\/2024\/07\/1720978554043-238x300.jpg 238w, http:\/\/burkert-physiotherapie.de\/wordpress\/wp-content\/uploads\/2024\/07\/1720978554043-768x969.jpg 768w, http:\/\/burkert-physiotherapie.de\/wordpress\/wp-content\/uploads\/2024\/07\/1720978554043.jpg 1080w\" sizes=\"(max-width: 812px) 100vw, 812px\" \/><\/a><\/figure><\/li><\/ul><\/figure>\n\n\n\n<figure class=\"wp-block-image\"><img alt=\"\"\/><\/figure>\n","protected":false},"excerpt":{"rendered":"<p>Tape That \u2013 Back for Good: Selbst-Taping Workshop Nie wieder falsch tapen! Die erfahrene Physiotherapeutin Yvonne Burkert zeigt euch in diesem 2 st\u00fcndigen interaktiven Workshop, wie ihr euch erfolgreich und vor allem richtig taped und so k\u00f6rperliche Beschwerden in den Griff bekommt. Thematisiert wird in verschiedenen Workshops der untere R\u00fccken, Schulter-Nackenbereich, die Schulter oder das &hellip; <\/p>\n<p class=\"link-more\"><a href=\"http:\/\/burkert-physiotherapie.de\/wordpress\/workshops\/\" class=\"more-link\"><span class=\"screen-reader-text\">&#8222;Workshop Taping&#8220;<\/span> weiterlesen<\/a><\/p>\n","protected":false},"author":1,"featured_media":175,"parent":0,"menu_order":0,"comment_status":"closed","ping_status":"closed","template":"","meta":[],"_links":{"self":[{"href":"http:\/\/burkert-physiotherapie.de\/wordpress\/wp-json\/wp\/v2\/pages\/102"}],"collection":[{"href":"http:\/\/burkert-physiotherapie.de\/wordpress\/wp-json\/wp\/v2\/pages"}],"about":[{"href":"http:\/\/burkert-physiotherapie.de\/wordpress\/wp-json\/wp\/v2\/types\/page"}],"author":[{"embeddable":true,"href":"http:\/\/burkert-physiotherapie.de\/wordpress\/wp-json\/wp\/v2\/users\/1"}],"replies":[{"embeddable":true,"href":"http:\/\/burkert-physiotherapie.de\/wordpress\/wp-json\/wp\/v2\/comments?post=102"}],"version-history":[{"count":21,"href":"http:\/\/burkert-physiotherapie.de\/wordpress\/wp-json\/wp\/v2\/pages\/102\/revisions"}],"predecessor-version":[{"id":447,"href":"http:\/\/burkert-physiotherapie.de\/wordpress\/wp-json\/wp\/v2\/pages\/102\/revisions\/447"}],"wp:featuredmedia":[{"embeddable":true,"href":"http:\/\/burkert-physiotherapie.de\/wordpress\/wp-json\/wp\/v2\/media\/175"}],"wp:attachment":[{"href":"http:\/\/burkert-physiotherapie.de\/wordpress\/wp-json\/wp\/v2\/media?parent=102"}],"curies":[{"name":"wp","href":"https:\/\/api.w.org\/{rel}","templated":true}]}}